be m(w). Let j(d) = d**3 - 6*d**2 - 2*d + 7. What is j(f)?
-5
Let i(f) = 5*f**3 - f. Let l be 4 - 6 - (2 - 6). Suppose g - 2 = 3*m, -5 = l*g + 6*m - 3*m. What is i(g)?
-4
Let t be 4/(-6) - 4/(-6). Suppose -5*b + 2 = -z - 16, 3*z = -b - 6. Suppose -f = t, f - 6*f + 9 = -b*s. Let r(m) = m**3 + 4*m**2 + m + 1. Determine r(s).
7
Let w = -27 - -18. Let j = -6 - w. Let r(l) = l**3 - l**2 + 2*l - 5. Let u(y) = -3*y**3 + 2*y**2 - 7*y + 16. Let a(v) = -7*r(v) - 2*u(v). Calculate a(j).
3
Let p(i) = -44 + 52 + 3*i**2 - 15*i**2 - 11*i. Let k(o) = -4*o**2 - 4*o + 3. Let s(t) = 11*k(t) - 4*p(t). Determine s(-1).
5
Suppose -n + 22 = 4*k, -k = -5*n + 7 + 40. Suppose 3*f = -z + 41, f + 1 - 4 = -3*z. Let w = n - f. Let m(g) = -g**2 - 3*g + 2. Determine m(w).
-8
Suppose 7 = 4*m - m - 4*z, 2*m + 2*z = 0. Let n be -1*(-1 + (-1 - m)). Let f(q) = q**2 - q - 2. Determine f(n).
4
Let r(i) = -7*i**3 + 11*i**2 - 8*i. Let k(n) = 5*n**3 - 7*n**2 + 5*n. Let d(a) = 8*k(a) + 5*r(a). What is d(-1)?
-6
Let i(m) = 15*m**3 - 5*m**2 - 14*m**3 - 3 + m + 3*m. What is i(4)?
-3
Let z(u) = -u**2 - 10*u + 2. Let r be z(-10). Let g(j) = -2*j**3 + 3*j**2 - 1. Calculate g(r).
-5
Let x(i) be the first derivative of -i**4/4 + 2*i**3/3 + 2*i**2 + i - 3. Suppose 0 = -0*f - 4*f + 12. Calculate x(f).
4
Let s(u) = -4*u - 1. Let x(q) = q**3 - 2*q - 2. Let w be x(2). What is s(w)?
-9
Let t(p) = -p**2 + 4. Let w = -14 + 14. What is t(w)?
4
Let u = 9 + -20. Let f = u + 12. Let v(s) = 5*s**3 - 3*s**2 + 2*s + 3. Let l(i) = -2*i**3 + 2*i**2 - i - 2. Let d(b) = 5*l(b) + 3*v(b). Give d(f).
6
Let x(m) = m. Let t = -5 - -7. Let h be (-68)/12 - t/6. Determine x(h).
-6
Let l(q) be the third derivative of q**5/30 + q**4/24 + q**3/6 + 22*q**2. Determine l(-2).
7
Suppose -29 = -13*i - 3. Let t(a) = 2*a**2 - 2. What is t(i)?
6
Let k be 15/9 - (-1 + -2)/9. Let t(f) = -f**3 + 2*f**2 + 2. What is t(k)?
2
Let l(q) = -q - 8. Suppose 7 = -23*g + 24*g. Determine l(g).
-15
Let x be 3/(-2)*14/(-3). Let a(u) = -u. What is a(x)?
-7
Let c(p) be the first derivative of p**4/12 - 5*p**2/2 - 3*p + 3. Let b(q) be the first derivative of c(q). What is b(0)?
-5
Let q(f) = -10*f + 1. Let j(o) = -21*o + 6. Let k(g) = 1. Let p(n) = -j(n) + 4*k(n). Let u(x) = -2*p(x) - 5*q(x). Determine u(1).
7
Suppose -2 + 7 = -o. Let c(q) = -q**3 - 6*q**2 - 8*q - 5. Let y be c(o). Let r = 5 - y. Let k(p) = p**3 + 4*p**2 - 3*p + 4. Determine k(r).
-6
Let f(h) = h**3 - 3*h**2 - 5*h + 4. Let k(o) = 5*o**2 + o - 1. Let g be k(-1). Calculate f(g).
-11
Let p(i) = 5*i - 3. Let l = -14 + 16. Calculate p(l).
7
Let x be (-1 - 0) + -2 + 4. Let n(s) = -2*s**2 + 3 - 3. Determine n(x).
-2
Let t(k) = 2*k**2 + 4*k - 3. Let g(w) = -3*w + 3*w + 2 - w - 1. Let u(s) = -3*g(s) - t(s). Give u(-1).
-1
Let s(h) be the second derivative of -12*h**3 + h**2 + 3*h + h + 6*h**3 + 5*h**3. Calculate s(2).
-10
Suppose -4*i = 4*x - 24, -2*x + 20 = -0*i + 4*i. Suppose -2*o - 3*q + 9 = 0, -i*o + 5*q - 9 = 6. Let b(d) = d**2 + d - 4. Determine b(o).
-4
Let v(t) be the first derivative of -t**3/3 + 3*t**2 - 4*t - 12. Suppose -4*u - 4*q = 16, 1 - 4 = -q. Let z be 2/u + (-60)/(-14). Determine v(z).
4
Suppose i - 1 = 5. Suppose o + i - 4 = 0. Let j(u) be the second derivative of u**5/10 + u**4/4 - 9*u. Calculate j(o).
-4
Let j be 108/6*1/(-2). Let m = j - -13. Let v(o) = -o**2 + 4*o + 4. Give v(m).
4
Let c(f) = -3*f + 162 - 162. What is c(-2)?
6
Let h be (-28)/(-6) + (-2)/3. Suppose -h*k - 6 = -2*g - 0, -1 = -g + 4*k. Let m(q) = 0*q**2 + 5 + q**2 - 5*q + 2. What is m(g)?
7
Let u(n) = n**3 - n**2 - n - 5. Suppose d + 4*d = 2*h, 0 = -4*h + d. Give u(h).
-5
Let a(i) = -2*i + 4*i + i**2 + 0 + 1. Let q be a(-2). Let o(s) be the first derivative of 5*s**2/2 - 9. Give o(q).
5
Suppose -3*y + 10 = -4*v, -2*y - 2*y - 2*v - 16 = 0. Let f(t) be the first derivative of 2*t**3/3 + 1. Calculate f(y).
8
Let s(g) = 7*g**2 - 3*g - 4. Suppose 0 = -4*v - 2*p + 22, 3*v = -2*v + 5*p - 10. Let c(n) = -n - 1. Let i(k) = v*c(k) - s(k). Calculate i(-1).
-6
Let d(h) = -2*h**2 + h - 1. Suppose -3*g - 8 = -g. Let w = g - -4. Let t = w + 2. What is d(t)?
-7
Let b(l) = -l**2 + 0*l**2 + 0*l**2 + 4*l - 3 - 2. Let i be (-6)/(-9) - 10/(-3). Give b(i).
-5
Let y(i) = -5*i + 8*i + 4*i**2 - i + 0*i - 1. Calculate y(-2).
11
Let l(a) = -5*a**3 - 2*a**2 - 4*a - 1. Let h(r) = -r**3 - r**2 - 1. Let x = 0 + 1. Let u(k) = x*l(k) - 6*h(k). Determine u(-5).
0
Let i be 1/(0 + -2)*-2. Suppose -2*x = -0*x - 5*n + 19, 3*n = -5*x - i. Let j(t) = -t**2. Let h(b) = b**3 + 6*b**2 - b + 1. Let a(l) = h(l) + 5*j(l). Give a(x).
-1
Let j(f) = 1 - 2*f - 1. Let p(z) = 7*z**2 - z + 1. Let b be p(1). Suppose s - 4 = -4*g, b = 4*g + 4*s + 15. What is j(g)?
-4
Let x(c) = -c**3 - 7*c**2 - 6*c - 6. Let q(n) = 2*n**3 + 15*n**2 + 13*n + 13. Let u(f) = -6*q(f) - 13*x(f). Give u(2).
12
Suppose f = -2*f. Let i(t) be the third derivative of -t**6/120 + t**5/60 + t**4/24 - t**3/3 - t**2. What is i(f)?
-2
Let h(x) = -x**2 + 3*x + 1. Let j(p) = -2*p**2 + 16*p + 6. Let y(f) = -3*h(f) + j(f). What is y(-5)?
-7
Let v = 8 + -15. Let y(t) = -t**2 - 8*t - 4. Determine y(v).
3
Let g(a) = -4*a**3 + 0*a**2 - 6*a**2 + 3*a**2 + 2*a**2. What is g(-1)?
3
Suppose 10 = d + 4. Let h(q) = q + 3. Give h(d).
9
Let o(g) = -3*g - 2. Let w(a) be the first derivative of 5*a**2 + 7*a - 3. Let l(k) = 7*o(k) + 2*w(k). Determine l(-2).
2
Let y(x) = x + 1. Let p(n) = -n. Let d(v) = -2*p(v) - 3*y(v). Calculate d(-6).
3
Let j(d) be the first derivative of -d**2/2 + 2*d - 26. Calculate j(7).
-5
Let t(i) = -2*i**2 + 2*i - 7. Let q(n) be the second derivative of -n**4/12 + n**3/6 - 2*n**2 + n. Let s(j) = 5*q(j) - 3*t(j). What is s(3)?
7
Let y(i) = i - 11. Let r be y(8). Let q be 171/27 - 2/r. Let w(p) = p**3 - 8*p**2 + 7*p + 4. Give w(q).
4
Let g(f) = -2*f**2 + 2*f**2 + 7 - 2*f**2. Let i(z) = -z**2. Let b(o) = -g(o) + 3*i(o). Suppose -5*w - 6 = -2*c, -2*c - c = -4*w - 9. What is b(w)?
-7
Let c(d) = -d**2 + 4. Let n be (-9)/54 - (-14)/12. Let j be 1 - (3/n - 2). What is c(j)?
4
Let q = 10 - -15. Let o = -36 + q. Let z be (-2)/(-8) + o/(-4). Let w(t) = t**3 - t**2 - 3*t + 1. Determine w(z).
10
Let z(p) = 8*p**2 - 1. Suppose l = 0, -l + 3 = 3*w + 2*l. Let b be (-1 + 0)*(w - 0). Calculate z(b).
7
Let o(j) = j + 5. Suppose -6*q = -3*q. Give o(q).
5
Let z(f) be the third derivative of f**5/30 - f**4/8 - 4*f**2. Let l(g) = 5*g - g**2 + 0 + 1 + 1. Let q be l(5). Determine z(q).
2
Let z(o) = 3*o + 10. Let t(l) = -2*l - 10. Let w(v) = -4*t(v) - 3*z(v). What is w(0)?
10
Let w = 8 + -6. Suppose 7*m = w*m + 5. Let d(l) = 6*l**2 + 1. Determine d(m).
7
Let o(j) be the second derivative of -j**3/2 - j**2/2 + 12*j. Let d(r) = -r**3 - r + 2. Suppose 0 = -c - 3*c. Let a be d(c). What is o(a)?
-7
Let b(d) be the second derivative of d**3/3 - 3*d**2 + 4*d. What is b(6)?
6
Let q(v) = v**2 + v - 1. Let h(u) = -7*u**2 - 6*u + 4. Let k(y) = -h(y) - 6*q(y). Calculate k(-2).
6
Let c(m) = -m + 5. Suppose 21 = 4*y + 9. Suppose y*u = 8*u - 30. Calculate c(u).
-1
Let f(a) = a - 8. Let g be f(8). Suppose 2*r = l + 3, g = r - 6*r + 4*l + 15. Let i(k) be the second derivative of -5*k**3/6 - k. What is i(r)?
5
Let b(a) = -15 - a + a**3 - 4*a**2 - 20 + 40. What is b(4)?
1
Suppose -3*g = 2*g - 3*v - 116, v - 53 = -2*g. Suppose -4*j + 9*j + g = 0. Let f(q) = 12 - 8 - q - 5. Give f(j).
4
Let l(y) = -6*y. Let p = 0 - -2. Let f be ((-4)/(-4))/(p - 3). What is l(f)?
6
Let t(i) = -2*i - 10 + 20 - 7. What is t(4)?
-5
Suppose -q + 12 = -3*q. Let s(h) = -3*h**2 + h + 1. Let w(n) = 4*n**2 - 2. Let a(b) = q*s(b) - 4*w(b). Determine a(4).
10
Let p be (1 - -1) + 0/(-4). Suppose 3*m - 16 = -2*j, -2*m - j + 18 = 4*j. Let q(n) = -n**3 + 5 + n**2 + 4*n**p + 3*n - m*n. Determine q(5).
0
Let a(t) = 9*t**2. Suppose 3*m - 3 = -o, o + 0*o = 2*m + 3. Suppose 4*g - 3 = 4*l - 7, 5*l - 10 = m. Calculate a(g).
9
Suppose -3*u = -0*u - 9. Let h(g) = -4*g + u*g + 2 - 1. Let x be -2*1*2/2. Give h(x).
3
Let o(q) be the second derivative of -q**5/20 + 5*q**4/12 + q**3/3 - q**2/2 - 12*q. Let d(y) = -y**3 - 4*y**2 + 5. Let a be d(-4). Give o(a).
9
Suppose -11 = 3*f + 1. Let n(i) = -2*i**2 - 4*i + 4. Calculate n(f).
-12
Let y be -2*57/24 - (-1)/(-4). Let m(f) = -2*f - 3. Let i(c) = c. Let u(d) = 4*i(d) + m(d). Calculate u(y).
-13
Let b(x) = 9*x + 2. Let g(z) = 8